{"id":164,"date":"2025-10-11T15:15:18","date_gmt":"2025-10-11T14:15:18","guid":{"rendered":"http:\/\/localhost:8080\/?page_id=164"},"modified":"2025-10-11T15:34:49","modified_gmt":"2025-10-11T14:34:49","slug":"onskelista","status":"publish","type":"page","link":"https:\/\/claudiatim.com\/?page_id=164","title":{"rendered":"Br\u00f6llopsg\u00e5va"},"content":{"rendered":"\n<p class=\"has-text-align-center\">Den finaste g\u00e5van vi kan f\u00e5 \u00e4r att f\u00e5 fira den h\u00e4r dagen med er!<\/p>\n\n\n\n<p class=\"has-text-align-center\">Om ni \u00e4nd\u00e5 k\u00e4nner att ni vill ge n\u00e5got uppskattar vi bidrag till br\u00f6llopsresan.<\/p>\n\n\n\n<p class=\"has-text-align-center\"><em><br>Har ni en t\u00e4nkt present-id\u00e9 eller \u00f6nskan att ge n\u00e5got personligt s\u00e5 v\u00e4lkomnar vi s\u00e5klart det ocks\u00e5.<\/em><\/p>\n\n\n\n<figure class=\"wp-block-image size-large\"><img loading=\"lazy\" decoding=\"async\" width=\"1024\" height=\"512\" src=\"http:\/\/localhost:8080\/wp-content\/uploads\/2025\/10\/image-18-1024x512.png\" alt=\"\" class=\"wp-image-177\" srcset=\"https:\/\/claudiatim.com\/wp-content\/uploads\/2025\/10\/image-18-1024x512.png 1024w, https:\/\/claudiatim.com\/wp-content\/uploads\/2025\/10\/image-18-300x150.png 300w, https:\/\/claudiatim.com\/wp-content\/uploads\/2025\/10\/image-18-768x384.png 768w, https:\/\/claudiatim.com\/wp-content\/uploads\/2025\/10\/image-18-1536x768.png 1536w, https:\/\/claudiatim.com\/wp-content\/uploads\/2025\/10\/image-18.png 1920w\" sizes=\"auto, (max-width: 1024px) 100vw, 1024px\" \/><\/figure>\n\n\n\n<p class=\"has-text-align-center\"><\/p>\n\n\n\n<p class=\"has-text-align-center\"><\/p>\n\n\n\n<p class=\"has-text-align-center\"><\/p>\n\n\n\n<p class=\"has-text-align-center\"><\/p>\n","protected":false},"excerpt":{"rendered":"<p>Den finaste g\u00e5van vi kan f\u00e5 \u00e4r att f\u00e5 fira den h\u00e4r dagen med er! Om ni \u00e4nd\u00e5 k\u00e4nner att ni vill ge n\u00e5got uppskattar vi bidrag till br\u00f6llopsresan. Har ni en t\u00e4nkt present-id\u00e9 eller \u00f6nskan att ge n\u00e5got personligt s\u00e5 v\u00e4lkomnar vi s\u00e5klart det ocks\u00e5.<\/p>\n","protected":false},"author":1,"featured_media":0,"parent":0,"menu_order":0,"comment_status":"closed","ping_status":"closed","template":"","meta":{"footnotes":""},"class_list":["post-164","page","type-page","status-publish","hentry"],"_links":{"self":[{"href":"https:\/\/claudiatim.com\/index.php?rest_route=\/wp\/v2\/pages\/164","targetHints":{"allow":["GET"]}}],"collection":[{"href":"https:\/\/claudiatim.com\/index.php?rest_route=\/wp\/v2\/pages"}],"about":[{"href":"https:\/\/claudiatim.com\/index.php?rest_route=\/wp\/v2\/types\/page"}],"author":[{"embeddable":true,"href":"https:\/\/claudiatim.com\/index.php?rest_route=\/wp\/v2\/users\/1"}],"replies":[{"embeddable":true,"href":"https:\/\/claudiatim.com\/index.php?rest_route=%2Fwp%2Fv2%2Fcomments&post=164"}],"version-history":[{"count":4,"href":"https:\/\/claudiatim.com\/index.php?rest_route=\/wp\/v2\/pages\/164\/revisions"}],"predecessor-version":[{"id":178,"href":"https:\/\/claudiatim.com\/index.php?rest_route=\/wp\/v2\/pages\/164\/revisions\/178"}],"wp:attachment":[{"href":"https:\/\/claudiatim.com\/index.php?rest_route=%2Fwp%2Fv2%2Fmedia&parent=164"}],"curies":[{"name":"wp","href":"https:\/\/api.w.org\/{rel}","templated":true}]}}